 2 + 5 - l - 5. Let x = 4 + -3. What is v(x)?
5
Let u(j) be the third derivative of j**5/15 + j**3/6 + 19*j**2. Let y(w) = -7*w**2 - 2. Let q(b) = 5*u(b) + 3*y(b). Suppose -3*r = -r. What is q(r)?
-1
Let s(u) = u**3 - u**2 - 2*u - 5. Let h(n) = -2*n**2 - n + 235. Let c be h(-11). What is s(c)?
35
Let k = -1093 - -1097. Let t(w) = w**2 - 10*w + 24. Determine t(k).
0
Let b = 18 + -21. Let o be 0 + 24/(b + -1). Let c(x) = -x**3 - 5*x**2 + 5*x - 2. Give c(o).
4
Let r(b) be the first derivative of -b + 1/4*b**4 - b**2 + 2/3*b**3 - 4. Suppose -10*s - 35 = -15. Calculate r(s).
3
Let x(q) = -q**2 + 7*q - 8. Suppose 17 = r + 19*n - 16*n, 3*r - 4*n + 1 = 0. Give x(r).
2
Let p(h) = 4*h + 17. Suppose 3*i = t + 2, 5*i = -2*t + 3*t. Give p(t).
-3
Suppose -69*v + 73*v + 2*d = 24, 5*v = -5*d + 35. Let u(g) = -5*g**3 + 4*g**2 + 6*g - 7 + 4*g**3 + 1. Determine u(v).
-1
Let y = 2 - 7. Suppose 4*m - 2*m - 6 = 0. Let z(a) = a - 4*a - m + 5*a + 2. Give z(y).
-11
Let c be 129*(-5)/60 + (-3)/12. Let i(d) = -d**3 - 12*d**2 - 9*d - 7. What is i(c)?
-29
Let h(a) = 2*a - 15. Let w be h(9). Let f(z) = z**3 - 4*z**2 + 5*z - 3. Let p be f(w). Let m(t) = 7*t**3 - 4*t**2 + p*t**3 + t - 9*t**3 + 4. Give m(3).
-2
Let n(y) = 24*y + 91. Let t be n(-4). Let l(j) = -2 - 1 - 6*j - 4 + 4*j. Determine l(t).
3
Let u(h) be the first derivative of 0*h**2 - 1/4*h**4 - 22 + 3*h - 2*h**3. Give u(-6).
3
Let k(g) = 4*g**2 + 10. Let h(y) = -y**3 + 9*y**2. Let d be h(9). Suppose d*f = -f + 2. Let j(i) = i**2 + 3. Let r(b) = f*k(b) - 7*j(b). Give r(2).
3
Suppose 2*p + 18 = 3*l, 3*p - 4*p - 9 = -l. Let o = p - -11. Let d(z) = -z**o - z + 7 + 3*z + 2*z + 0*z. Determine d(5).
2
Let q(r) = 22*r - 7. Let b(y) = -11*y + 3. Let u(c) = -5*b(c) - 2*q(c). Suppose 2 = -4*m + 10. Calculate u(m).
21
Let q(s) be the second derivative of s**3/6 + 9*s**2/2 + 169*s. Give q(5).
14
Let n = 2 - 7. Suppose 2 = -3*b - 1. Let h(x) = 2*x + 1. Let s(j) = -j - 1. Let d(l) = b*h(l) - 4*s(l). Determine d(n).
-7
Let n(y) = 3*y**3 + y**2 + 7*y - 5. Let q(m) = -14*m**3 - 3*m**2 - 29*m + 20. Let i(j) = 9*n(j) + 2*q(j). Give i(4).
-1
Let x(u) be the third derivative of -u**6/120 + u**5/60 + u**4/24 - 4*u**3/3 - 58*u**2. Give x(0).
-8
Let i be (6 + (-240)/42)*(0 + 21). Let k(t) = -3*t**3 + t**2 + 3*t - i + 6*t**3 - 4*t**3 - 4*t. Give k(0).
-6
Let f = -1026 + 1017. Let z(k) = k + 8. Determine z(f).
-1
Let v(f) = f**2 + 11*f. Let w be v(-6). Let o = w + 29. Let y(n) = -3*n**3 + n**2 - n - 1. What is y(o)?
4
Let x(f) = 9*f**3 - f. Let l be (-1)/(-4*(-2)/72). Let g = 16 + l. Let j = g - 6. Determine x(j).
8
Suppose -4*u - 12 = f - 39, -5*u - 45 = -4*f. Suppose -5*z + 0*w + f = -3*w, -5*z + w + 15 = 0. Let i(b) = 4*b**2 + 2*b + 4*b - 5*b**2 + 1 + b. What is i(z)?
13
Let u(m) be the second derivative of -m**4/2 + m**3/6 + 63*m. Determine u(-1).
-7
Let a(g) = -g - 3. Let i be (-5 - 0)/(-3 - (1 + -3)). Suppose 40 = 7*w + i. Give a(w).
-8
Let s(d) = d - 16. Let n = -37 + 35. Let v(b) = 1. Let k(p) = n*v(p) - s(p). Let w(u) = -u**2 + u. Let m be w(0). Calculate k(m).
14
Let p(c) = -c**2 - 1. Let r(d) = 6*d**2 + 6. Let s(m) = -11*p(m) - 2*r(m). Let h(n) = 7*n**2 + 3*n + 9. Let b(q) = h(q) + 6*s(q). Determine b(-3).
3
Let j(h) = 172*h - 2 - 7*h**2 - 6*h**3 - 179*h + 7*h**3. Give j(7).
-51
Let i(y) = 3*y - 646 - 657 - 666 + 1939. Calculate i(16).
18
Let r(f) = 2*f + 2. Let d = 12 + -8. Let y be ((-39)/(-4) - 4)*d. Let t = -26 + y. Determine r(t).
-4
Let v be (-6)/(-14) + 228/(-42). Let o(x) = x**2 + 1. Let u(m) = -11*m**3 - 4*m**2 - m - 5. Let z(a) = v*o(a) - u(a). Determine z(1).
11
Let h(c) be the third derivative of 0 + 0*c**5 + 0*c - 2*c**2 + 1/120*c**6 + 5/6*c**3 + 0*c**4. Give h(0).
5
Let t(p) be the first derivative of -p**3/3 + 2*p**2 + 6*p - 2. Let q be 276/4 + 0 + 3. Suppose -30 = 7*u - q. Determine t(u).
-6
Let v(z) = -5*z - 2. Let f be (-370)/(-45) + (-4)/18. Suppose -5*a = -5*i + 5, 0*a = -2*i - 4*a + f. Suppose l + 2*s - 3 - 3 = 0, 10 = -l + i*s. Give v(l).
8
Let m(d) = -2*d**2 + 2*d + 1. Let k(b) be the first derivative of 2*b**3/3 + b**2/2 + b - 1. Let o be k(-1). Give m(o).
-3
Let m(c) = -12*c + 130. Let u be m(10). Let p(n) = n**2 - 10*n + 9. Determine p(u).
9
Let g(h) = -8*h - 31. Let v be g(-3). Let x(d) = -d**2 - 8*d - 5. What is x(v)?
2
Let o(d) = 2*d + 3. Let v be o(3). Let i(s) be the third derivative of s**5/60 - 3*s**4/8 + s**3/3 + 375*s**2 - s. Give i(v).
2
Let z(j) = -j**3 - 4*j**2 - 2*j + 2. Let k be ((-1)/((-1)/(-2)))/(60/270). Let f be k/3*1 + (-5 - -4). Give z(f).
10
Suppose 6*w = -0*w + 30. Let m(n) = n**2 - 4 + 0*n**2 - 4*n**3 - 2 - n + w. Let o be (-2*1)/((-8)/(-4)). Calculate m(o).
5
Let x(w) = 4*w + w**3 + 203 + 9*w**2 + w - 216 + 2*w. Give x(-8).
-5
Suppose 4*f + 12 = 2*f. Let q(x) = -5*x**2. Let r(h) = 9*h**2 - h - 1. Let l(p) = 11*q(p) + 6*r(p). Calculate l(f).
-6
Suppose 5*r + 2 = 117. Suppose 4*y + r = -y - 2*b, 3*y - b + 5 = 0. Let d(n) = -37 + 37 + 2*n. What is d(y)?
-6
Let v(w) be the first derivative of 0*w**2 + 6 + 3*w - 1/3*w**3. Let s(h) = -h**3 + h**2. Let o be s(1). What is v(o)?
3
Suppose -13*l + 225 = -38*l. Let h(j) = j**2 + 12*j + 4. What is h(l)?
-23
Let y(q) = -q**3 + 4*q**2 + q. Let p be 2*((-136)/(-16) - (-1 - -1)). Let b be (-22)/(-12) - p/(-102). What is y(b)?
10
Let g(d) = d**3 - 38*d**2 + 100*d + 178. Let p be g(35). Let o(x) = 2 - 6*x - 5 + 0*x**2 + x**2. What is o(p)?
-12
Suppose -5*z + 10 + 7 = -2*l, 4*l - z = -7. Let s(n) = n**2. Give s(l).
1
Let g(z) = -2*z + 2. Let q(a) = -7*a + 3. Let d(b) = 2*g(b) - q(b). Determine d(1).
4
Let j be (-2)/(-6)*3*25. Let t be (0 - 3)*j/(-15). Let l(c) = -c**3 + 5*c**2 - c + 5. Determine l(t).
0
Let s be 5/(1*(0 - -1)). Let p(l) = 3*l**2 + 6*l - 3. Let w be p(-3). Let x(t) = -5 - 6*t + 10*t + w*t**2 - t**3 - 7*t. Calculate x(s).
5
Suppose 0 = 5*c + d - 15, 2*d + 6 = 2*c - 3*d. Let k(j) = -5*j - 2*j**c + j**3 - 24*j**2 + 30*j**2 - j + 2. Suppose 0 = -f - f + 8. Give k(f).
10
Let p(b) = -b**2 + 18*b + 11. Let o be p(19). Let u(n) = -n - 11. Determine u(o).
-3
Let z(i) = -2*i - 10. Let h(a) = a + 6. Let d(l) = 11*h(l) + 6*z(l). Let w(g) = g**2 - g + 6. Let t be w(0). Determine d(t).
0
Suppose 2*n - 24 - 2 = 0. Let x(i) = -n*i - i + 5 + 8*i. Determine x(4).
-19
Let n(b) be the first derivative of -3 - b + 1/2*b**2. Suppose 3 = -2*r + r + j, 0 = -5*r - 3*j + 25. Calculate n(r).
1
Let k(s) = -61 + 25 - 2*s + 29 + s. Give k(-5).
-2
Let w be (-2)/(-1)*1/2. Let y(k) be the first derivative of k**4/24 + 4*k**2 - 1. Let m(q) be the second derivative of y(q). Give m(w).
1
Let g be ((-2)/4)/(6/(-504)). Suppose -4*y = -y + g. Let m be (2*1)/(7/y). Let f(d) = -2*d - 3. What is f(m)?
5
Let d(q) = -q**3 - 15*q**2 - 14*q - 8. Suppose 0 = -4*b - 8, 2*f = 5*b + 8 - 26. What is d(f)?
-8
Let t(j) = 3*j**2 + j - 23*j + 19*j - 8*j**2. Determine t(-2).
-14
Let b(q) = q**2 + 3*q + 3. Let n be b(-3). Let c(p) = -5*p**2 - 4*p + n*p + 0*p**2. Let o be c(-1). Let w(m) = 3*m. What is w(o)?
-12
Let a(k) be the first derivative of k**4/4 - k**3 - k**2 - k - 58. Suppose -2*i - i - 90 = 0. Let f be (-6)/i - (-14)/5. Calculate a(f).
-7
Let a(l) be the first derivative of l**3/3 + 6*l**2 - l + 252. Calculate a(-12).
-1
Let s(t) = t - 5. Let w = 10 + -26. Let c be -2*4/(w/20). Let f = c - 10. Calculate s(f).
-5
Let t(h) = 9*h + 13. Let u(v) = -8*v - 11. Let l(i) = 4*t(i) + 5*u(i). Determine l(-2).
5
Let c(g) = 9*g**2 - 10*g + 9. Let b(h) = 7*h**2 - 12*h + 11. Let t(p) = -5*b(p) + 6*c(p). Give t(1).
18
Let k(x) be the third derivative of 5/6*x**3 + 0 + 0*x + 1/12*x**4 - 29*x**2. Give k(6).
17
Let n(r) = -9*r**2 + 12*r - 6. Let y(w) = -8*w**2 + 14*w - 7. Let v(f) = 6*n(f) - 5*y(f). What is v(1)?
-13
Let u(b) = b**3 + b**2 - 1. Let z(l) = 0*l**3 + l - 4*l**2 - 2*l**2 + 2 - 2*l**3 + 2*l. Let n(t) = -3*u(t) - z(t). Give n(2).
-1
Suppose -4*q + 5*q = 1. Let m(z) = z + q + 0 + 1 + z. Let b be (4 + -3 - 2)/(1/2). What is m(b)?
-2
Let x(v) be the second derivative of -v**6/120 - v**5/30 - v**4/24 - v**3/2 + 21*v**2/2 - 22*v. Let t(i) be the first derivative of x(i). Determine t(-3).
9
Let q(b) = b**3 - 14*b**2 - 17*b + 21. Let r = 143 + -128. Calculate q(r).
-9
Let q(x) = 4*x - 4. Let o be ((-16)/(-6))/(2/6). Suppose -4*u - 115 + 3 = 0. Let a be 76/28 - o/u. Determine q(a).
8
Let y b